. Determine h(5).
-5
Let q(f) = f**3 + f**2 + f - 1. Let i(c) = -3*c**2 + 18*c. Let d be i(6). Suppose 13*x + 44 - 18 = d. Determine q(x).
-7
Let r be ((15/2)/(-5))/(20/8 + -2). Let p(d) = d**3 + 5*d**2 - d - 7. Give p(r).
14
Let f(n) = n**3 + 11*n**2 - 11*n + 39. Let a be f(-10). Let y = -241 + a. Let l(q) = -q + 1. Give l(y).
-7
Let t(b) = -87*b + 1209. Let a be t(14). Let f(w) = -3*w**2 - 31*w + 1. What is f(a)?
37
Let b(s) = -3*s + 9. Let w be b(3). Suppose w = -7*f + 18 + 3. Let d(u) = -2*u + u + 4 - 4*u**2 - 3*u**3 + 4*u**f. Determine d(3).
-8
Suppose -5*f - 5*j = 0, j = 9*j - 7*j + 1. Let q(c) = -7*c**3 - c**2 - c. What is q(f)?
-9
Suppose -4*f - 5*p + 3*p = -58, 0 = 4*f - 4*p - 28. Suppose 0 = -5*h, -10*r = -f*r + 4*h - 6. Let j(c) = -c**2 - 3*c - 1. What is j(r)?
-1
Let i(n) be the third derivative of n**6/120 + n**5/60 - n**2 + 24327*n. Let y be (0 + 1 + -2)*1. Calculate i(y).
0
Let v(d) = 7 - 3*d**2 + 3 + 2*d**2 + 7*d. Let z be ((-6)/(-4))/(42/(-56)) + 10. Calculate v(z).
2
Let a(z) = -18*z + 1. Let c(u) = -35*u + 3. Let i(s) = -7*a(s) + 4*c(s). Let h(l) = -6*l + 2. Let m(t) = -5*h(t) + 2*i(t). Determine m(2).
4
Suppose 0 = 3*d + g + 14, 5*d = 403*g - 402*g - 42. Let q(l) = 2*l**2 + 14*l - 4. What is q(d)?
-4
Let m be (-15 - (-522)/36)*50. Let y(s) = -6*s**2 - 151*s - 29. Calculate y(m).
-4
Let k(g) = -196*g - 1583 + 198*g + 1594. Let h = -17 + 9. What is k(h)?
-5
Let i(r) = r**3 + 6*r**2 + 3*r + 3. Let n = -9932 + 9925. What is i(n)?
-67
Let v(m) be the third derivative of m**5/60 - 7*m**4/8 - 7*m**3/6 + 3314*m**2. Determine v(24).
65
Let q(s) = s - 9. Let l be q(9). Suppose 12*r - 4*o = 13*r - 14, -3*r = -o - 3. Let z(d) = -26 + 4*d**r - 8*d**2 + 5*d**2 + 2. Give z(l).
-24
Let h(v) be the third derivative of v**6/120 + 7*v**5/20 - v**4/8 + 49*v**3/6 - 1315*v**2 + 2. What is h(-21)?
112
Let r(u) = 181 + 197*u - 89*u - 114*u + 23. Give r(0).
204
Let y(u) = -2 + 7 - 5*u - 11*u - 21 - u**2 + 4. Calculate y(-13).
27
Let q = 71 - 71. Let c(x) = -x**3 + 5*x - 5 + q*x + 4 + x**2 - 3*x. Give c(2).
-1
Let g be (6/10)/((-1080)/4500)*2. Let l(v) = -3 + 5 - v + 3*v. Give l(g).
-8
Let m be (6/4)/(5 + (-410)/80). Let h(c) = -c**2 - 9*c + 34. What is h(m)?
-2
Let m = -9 - -13. Suppose -10 = -4*s + 3*k - m*k, -s - 3*k + 8 = 0. Let w(d) = d**3 + 1. Let q(i) = -2*i**2 - i - 1. Let h(p) = -q(p) - w(p). Give h(s).
2
Let r = 825 - 829. Let d(s) be the third derivative of 1/30*s**5 + 0 + s**3 + 7/24*s**4 + 5*s**2 + 0*s. Determine d(r).
10
Let l(p) be the third derivative of -p**4/12 + p**3/3 + p**2 - 1046. What is l(-4)?
10
Let i(v) = -2*v + 2. Let m(t) = t**2 + 2*t + 5. Let x be m(6). Let f be 52 - (8 - (3 + 1))/2. Let d = x - f. Determine i(d).
-4
Let s(o) be the third derivative of -47*o**4/24 + 22*o**3 + 3260*o**2. Give s(3).
-9
Let l(s) = s**3 - 4*s**2 - 3*s + 4. Let u = -788 + 762. Let d be 2/(5 + -11 + u/(-4)). Calculate l(d).
-8
Let z(i) be the second derivative of i**4/12 + 3*i**3/2 - i. Let x(l) = -l**2 - 49*l + 3056. Let m be x(-85). Give z(m).
-20
Let c(n) = 266*n + 176. Let v(i) = -9*i - 1. Let u(z) = 2*c(z) + 58*v(z). Determine u(-30).
-6
Suppose 0 = -4*y + 6 - 38. Let k(z) = 4*z + 26. Let n be k(y). Let t(o) = o**3 + 5*o**2 - 3*o + 2. Calculate t(n).
-16
Let i(t) = t**2 + 4*t - 29. Suppose -1201*m + 1239*m = -494. What is i(m)?
88
Suppose -p - 9 = -5*c, -3*p = 3*c - 2 - 7. Let a be ((-14)/14)/(p/5). Let s(j) = -3*j + 2. Calculate s(a).
17
Suppose -58 = 4*g - 35 + 69. Let q(p) = 7*p + 139. Give q(g).
-22
Let r(c) = c + 6. Suppose -3*y = q - 11 + 14, 0 = 4*q - 3*y - 18. Suppose 0 = -q*l + 2*t - 22, -t - 6 - 3 = l. Calculate r(l).
-2
Let r(z) = 112*z - 4 - 34*z - 77*z. What is r(9)?
5
Let u(l) = -3*l + 9. Let t(b) = 11*b - 26. Let x(p) = -3*t(p) - 8*u(p). Let z(j) = -7*j + 6. Let d(o) = -4*x(o) + 5*z(o). Determine d(-5).
1
Let o(c) = -c**3 - 5*c**2 + c - 7. Suppose -4*h - h - 475 = 0. Let q = h - -53. Let l = q - -37. Calculate o(l).
-12
Let i(a) = -6*a**2 - 4*a. Let r(p) = -155*p - 778. Let d be r(-5). Determine i(d).
-42
Let i = 7 + -14. Let d(o) = -o**3 - 9*o**2 - 16*o - 12. Let m be d(i). Let n(a) = 10*a**2 + 2 - 24*a**2 + 13*a**m + 9*a. Determine n(10).
-8
Let w be 6/1 - 3*7/(-21). Let u(j) = j**3 - 4*j**2 - 22*j - 8. Calculate u(w).
-15
Let p(n) = -2*n**2 - 148*n + 2269. Let u be p(-87). Let c(q) = -2*q**3 + 14*q**2 + 3*q - 21. Determine c(u).
0
Let a(d) be the first derivative of 1/4*d**4 - 1/3*d**3 + 0*d**2 + 0*d - 99. What is a(-2)?
-12
Let m(v) be the second derivative of v**6/720 + v**5/30 - v**4/4 - 31*v**3/6 + 87*v. Let a(n) be the third derivative of m(n). What is a(-3)?
1
Let q(m) = -m**3 - 7*m**2 - 4*m - 31. Let d be ((-28)/24*-4)/(10/(-15)). Give q(d).
-3
Let n(v) be the first derivative of v**3/3 + 3*v**2/2 - 4*v + 98. Let c(h) be the first derivative of n(h). Give c(-4).
-5
Let g(y) = y**2 - 7*y + 5. Let r(m) = -m**3 + 11*m**2 - 13*m + 15. Let p be r(8). Suppose -1 - p = -13*h. Give g(h).
13
Let g(l) = l + 5. Let f(s) = -1. Let n(a) = -6*f(a) - g(a). Let i(q) = -q**3 - 5*q**2 - 3*q + 1. Let o be i(-3). What is n(o)?
9
Let n(d) = -d**3 + 2*d - 2. Suppose -5*o - 10 = 4*z - 10*o, 2*o = 5*z + 4. Let i be z + (2 - -2) - 3. Let j be (-2)/i - (2 + -4 + 3). Calculate n(j).
19
Suppose 39*j - 294 = 137*j. Let b(s) = -6*s - 8. Let l(r) = 7*r + 9. Let w(h) = 4*b(h) + 3*l(h). Determine w(j).
4
Let t(a) = -11*a**2 + 30*a + 12. Let i(w) = 4*w**2 - 10*w - 4. Let n(f) = -17*i(f) - 6*t(f). Calculate n(-4).
4
Let a(t) be the second derivative of -t**4/6 + t**3/6 - t**2 + 9*t - 136. Give a(3).
-17
Let q = -1809 - -1810. Let b(n) = 9*n**2 + 2*n - 1. Give b(q).
10
Let w(i) = i**3 - 11*i**2 - 13*i + 17. Suppose -3*c = -6*b + b - 18, 3*c - 21 = 4*b. Suppose -19*o - c = -239. Calculate w(o).
5
Suppose -31 = t - 5*m, 4*m - 105 = 2*t - 79. Let o(d) = -27*d**2 - 2*d - 1. Determine o(t).
-26
Let c(y) = y**3 + 11*y**2 + 28*y - 4. Suppose -88*z = 222 + 394. Calculate c(z).
-4
Let o(l) = -l**3 - 6*l**2 + 8*l + 10. Let k(r) = -4*r + 111. Let m be k(44). Let x(z) = 15*z**2 + z. Let d be x(-2). Let w = d + m. Calculate o(w).
3
Let b(o) = -17 - 2342*o**2 + 27*o + 4668*o**2 - 2331*o**2. Determine b(5).
-7
Let l(p) = p**3 - 5*p**2 + 1. Let y(o) = -4*o + 45. Let i be y(18). Let z = i + 32. Let c be l(z). Let m(u) = -3*u**2 - u + 1. Determine m(c).
-3
Let c(f) = -2*f**2 + 5*f - 7. Let b be (-8 - -10)*(-5)/2. Let l(g) = -3*g**2 + 9*g - 14. Let i(a) = b*c(a) + 3*l(a). Determine i(6).
41
Let q = -854 - -1788. Let c(s) = q*s + 2 - 468*s - 459*s. What is c(-2)?
-12
Let g(q) = q + 1. Let r(s) = -7*s**2 + 20*s + 8. Let k(m) = 3*g(m) + r(m). Let p(c) = -3*c**2 + 12*c + 6. Let v(d) = -2*k(d) + 5*p(d). What is v(14)?
8
Let y(l) = 1 - 2*l**2 - 37*l**3 + 8*l**3 + 19*l**3 + 9*l**3 - 2*l. Give y(0).
1
Let q(g) = 11*g + 195. Suppose 0 = -2*r - 3*b - 63, 0 = -2843*r + 2842*r + 2*b. What is q(r)?
-3
Let l(o) = 2*o - 1. Let u = -24 + 29. Suppose u*q - 10*q = 0. Suppose -4*p = -4*s - q*p - 4, 3*p - 9 = 0. Determine l(s).
3
Let r(j) = -1342*j - 176. Let z(q) = -46*q - 6. Let p(x) = 3*r(x) - 88*z(x). Calculate p(-2).
-44
Suppose 30*a - 6 = 27*a. Let o be (a/(-6))/(0 - (-2)/(-24)). Let q(z) = -2 + 0 - o*z**3 + 6*z**3 - 4*z**2 - 3*z**3 - z. Calculate q(-4).
2
Let c(a) be the second derivative of -41*a + 0 - 2/3*a**3 + 1/12*a**4 - 1/2*a**2. Let b be (2 + -3)/((-1)/3). Give c(b).
-4
Suppose -5*a - 6*c + 94 = -3*c, 2*c = -4. Suppose 4*x - 28 = -a. Let o(d) = -10*d. What is o(x)?
-20
Let p(x) = -2*x**3 - x**2 - 1. Let g(j) = 7*j**3 + 10*j**2 - 7*j + 16. Let r(t) = -g(t) - 4*p(t). Calculate r(5).
-2
Let y(o) = -2*o**2 - 8*o - 110. Let x(c) = c**2 + 4*c + 55. Let f(z) = 7*x(z) + 4*y(z). Let h(a) be the first derivative of f(a). Determine h(0).
-4
Let p(h) = h - 105. Let x(z) = -z + 29. Let i(q) = 4*p(q) + 11*x(q). Calculate i(-16).
11
Let j(u) = -u**3 - 5*u**2 - 8*u. Suppose 22 + 14 = -50*g - 164. Give j(g).
16
Let l(y) = -19*y - 176. Let m be 10/14 - (-2)/7 - (-410)/(-41). Determine l(m).
-5
Let y(c) = -2*c**2 - 5*c + 2. Let q(g) = -7*g**2 - 22*g + 3. Let z(d) = q(d) - y(d). Give z(-4).
-11
Let p(f) = f**3 + 3*f**2 + 2*f - 2. Let l(z) = -z - 3. Let y be l(-7). Suppose 7*r + 6 = y*r. Let m be (-5)/r*30/(-25). Calculate p(m).
-8
Let u(v) be the first derivative of -v**4/12 - 3*v**3/2 - 